+ 2. What is l(y)?
-14
Let x(v) = -7*v + 1. Let z(s) be the third derivative of -s**6/120 - 3*s**5/20 + s**4/12 - 2*s**3/3 - 9*s**2. Let n be z(-9). Let w = n + 23. Determine x(w).
-6
Let t(a) = 7*a + 28 - 34*a + 13*a + 19*a. Calculate t(-8).
-12
Let j(q) = -5*q**2 - 46*q + 5. Let l(w) = -11*w**2 - 9*w + 7*w**2 + 1 + 3*w**2. Let b(u) = -2*j(u) + 11*l(u). Determine b(-6).
7
Let t(h) be the third derivative of -h**6/24 - h**5/60 - 10*h**2. Let p be -7 - -2 - (-4 + 0). Give t(p).
4
Let v(j) = -j**2 - 8*j - 6. Let y = -37 + 41. Suppose 3*m - y*k = -25, -10 = 2*m - 0*m + 4*k. Calculate v(m).
1
Suppose 11*r + 1 = -21. Let p(m) = -m**2 - 5*m - 5. Give p(r).
1
Let s(y) be the third derivative of y**6/120 + 7*y**5/30 + 13*y**4/24 + y**3/2 + 116*y**2. Give s(-13).
3
Let p(f) = f**3 - 6*f**2 + 3*f + 6. Let x(z) = -5*z**2 + 36*z - 1. Let s be x(7). What is p(s)?
24
Let l(m) = -m**2 - 3*m - 2. Suppose 1 = 2*o - 3*o. Let r be (19/(-4))/(o/4). Suppose r = -3*u + 5*q, 3*u = -q + 3*q - 13. Determine l(u).
-2
Let o = 24 - 21. Let t be 3*(-2)/o - -2. Let i(c) = -3*c**2 - 7*c + 4. Let p(a) = 2*a**2 + 4*a - 2. Let b(k) = 3*i(k) + 5*p(k). Calculate b(t).
2
Let a(d) = d**3 - 4*d**2 + 17*d - 6. Let c(r) = -2*r**3 + 7*r**2 - 35*r + 13. Let z(l) = -13*a(l) - 6*c(l). What is z(9)?
-18
Suppose 7*c - 2*c - 10 = 5*w, -4*c - 4*w + 8 = 0. Suppose c*n + 2 = -t + 3, 0 = -2*t - 3*n + 3. Let d(i) = 7*i + 8*i - 16*i + 2. Determine d(t).
-1
Let f(s) = 34 + 28 - 61 - 4*s. Suppose 3*k + 6 = 3*x, -5*k + 6 - 21 = 0. What is f(x)?
5
Let p(y) be the third derivative of -3*y**5/20 + y**4/24 - 38*y**2. Calculate p(-1).
-10
Suppose -6*t + 2*t = -4*m + 20, -28 = 5*t - 2*m. Let v be 3/(-2)*t/9. Let l(k) = -8*k - 5. Let y(h) = -1. Let x(d) = -l(d) + 4*y(d). Calculate x(v).
9
Let y(p) be the second derivative of -p**5/10 + p**3/6 + 110*p. Determine y(1).
-1
Let v(t) be the second derivative of t**4/6 - t**3 + 35*t + 22. Suppose 19 = f - 0*f - 5*a, -5*a = -5*f + 35. Give v(f).
8
Let v be 1/((-5)/(-25)) - 13. Let i be (v/(-16))/((-2)/(-4))*3. Let d(g) = -2*g + 4*g**2 + 0*g**3 - 2*g**3 + 3*g. What is d(i)?
-15
Let h = 71 - 64. Let q(k) = k**2 - 2*k - 26. Give q(h).
9
Let m = -14 + 7. Let f(s) be the first derivative of -s**4/4 - 7*s**3/3 + 3*s + 3. What is f(m)?
3
Let q(b) = b**2 + 7*b. Let i(d) = d**3 - 6*d**2 + 5*d - 6. Let x be i(5). Calculate q(x).
-6
Let m(f) = -2*f + 12. Let h(d) = -9*d - 11 + 6*d + 6*d + 0*d. Let u(q) = -3*h(q) - 4*m(q). Calculate u(-9).
-6
Suppose 5*r - 25 = -3*j + 6*j, -4*j = 5*r + 10. Let a(d) = 7*d + 55 + d**2 - 58 - r*d. What is a(-6)?
3
Let k(d) = -2*d**2 + 38*d + 66. Let s(x) = -2*x**2 + 35*x + 65. Let y(l) = -3*k(l) + 4*s(l). Calculate y(15).
2
Let t(p) = 9*p + 2 - 3 + 3. Let c(l) = l**3 - 12*l**2 + 20*l - 1. Let i be c(10). Let q(j) = j. Let o(y) = i*t(y) + 2*q(y). What is o(2)?
-16
Let p(m) be the second derivative of -m**3/6 - 3*m**2 + 21*m + 5. Calculate p(-6).
0
Let h = -58 - -373. Let v be (h/21)/(4 + -1). Let o(i) be the second derivative of -i**3/6 + 2*i**2 - i. Determine o(v).
-1
Let c(b) be the second derivative of -1/6*b**3 + 0 + 5/2*b**2 - 6*b + 1/12*b**4. Let n(u) be the first derivative of c(u). Determine n(3).
5
Let h(s) = -s**2 + s. Suppose -4*i + 2*a = -3*a + 24, -5*i = 2*a - 3. Give h(i).
-2
Let j(x) = -4*x + 5*x + x**2 + 9 - 2*x. Let y(g) = g**3 + 7*g**2 + 7*g + 6. Let r be y(-6). Let w = 0 + r. Determine j(w).
9
Let k(l) = 3 + 103027*l + 4 - 103031*l. What is k(-4)?
23
Let s = -766 - -769. Let t(i) = -i**3 + 6*i + 3. Calculate t(s).
-6
Let w be (-264)/(-24) + 4 + -9*1. Let l(f) = -7*f**2 + 3*f + 3. Let b(k) = 4*k**2 - k - 1. Let s(q) = 5*b(q) + 3*l(q). Give s(w).
-8
Let l(f) be the first derivative of -9*f**2/2 + 2*f - 111. What is l(2)?
-16
Suppose 2*i = 10 - 0. Suppose -p + 24 = -i*p. Let c be p/4 - 77/(-22). Let n(x) = 4*x**2 - 1. What is n(c)?
15
Let b(d) = -14*d**2 + 20*d + 23. Let q(p) = 5*p**2 - 7*p - 8. Let h(z) = -4*b(z) - 11*q(z). Give h(4).
0
Let s(u) = -7*u - 13. Suppose -3*v + r = 17, 4*v - 25 = 5*r - 66. Give s(v).
15
Let m(p) = 3*p**2 + 16*p + 9. Let b be m(-8). Suppose -30 = 78*g - b*g. Let k(t) = 2*t + 1. Calculate k(g).
-11
Let c(b) = -b**3 - 6*b**2 - b - 4. Let v(g) = -g**2 - 6*g + 10. Let m be 5/5 - 0/(-2). Let f be m/3*4*-6. Let s be v(f). Give c(s).
2
Let s = -182 + 191. Let n(y) = y**3 - 9*y**2 + 5*y - 13. Calculate n(s).
32
Suppose 0 = 8*s + 16 - 40. Let c(r) = 90 - r**s - 7*r - 7*r**2 - 50 - 46. Let y be -1 + (1 - 7) + 1. Determine c(y).
0
Let c(z) = -2*z - 95 + 48 + 46. Determine c(4).
-9
Let v(l) = 31*l - 3. Let f(y) = 68*y - 6. Let a(u) = -4*f(u) + 9*v(u). Determine a(-5).
-38
Let v(d) = d**2 - 5*d + 3. Let r = -139 + 205. Suppose 0 = r*x - 70*x + 8. Calculate v(x).
-3
Let a(h) = h**3 - h**2 - h + 1. Suppose 9*j = 17*j + 8. Let n(g) = -2*g**3 + 5*g**2 + 3*g - 4. Let s(l) = j*n(l) - 4*a(l). Give s(2).
-18
Let m(q) = -2*q + 4 + 2*q**3 + 0 - 261*q**2 - 2*q - 259*q**2 + 519*q**2. What is m(-2)?
-8
Let x(y) = y**3 - 13*y**2 - 10*y - 31. Let b be x(14). Let g(r) = -b - 2*r - 20 + 47. Calculate g(2).
-2
Let s(a) = -a - 4. Suppose -22*v - 40 = -17*v. Let p(n) = 2*n**2 + 16*n + 4. Let c be p(v). Give s(c).
-8
Let k(r) = 4*r - 4. Suppose 0 = -4*a + 15 + 13. Let w(d) = -1 + 5 - a*d + 4 - 1. Let z(l) = -5*k(l) - 3*w(l). Calculate z(0).
-1
Let j(p) be the first derivative of -1/3*p**3 + 0*p**2 + p + 3. What is j(0)?
1
Suppose 29*z + 110 = 7*z. Let u(h) = -5*h - 3. What is u(z)?
22
Let i(u) = -4*u - 4. Suppose 7 = a - 5*b, 2*a + 4*b = -b - 16. What is i(a)?
8
Let x = -55 + 48. Let p(g) = 6*g + 2*g**3 + 8*g**2 - 2*g**3 + g**3 - 8. Give p(x).
-1
Let w(h) = 2*h**2 + h + 4. Let y(i) = -2*i**2 + 19*i - 31. Let f be y(7). Calculate w(f).
40
Let q(d) = d**3 - 8*d**2 - 10*d + 5. Let r be q(9). Let a(o) = 9*o. Calculate a(r).
-36
Let i(u) = 128*u + 83*u - 206*u + 27. Give i(-6).
-3
Suppose 4*c + 2*k - 5*k = -20, 2*k + 5 = -c. Let t be (c - -7) + -1 - 1. Let z(a) = a**2 + 15. What is z(t)?
15
Let b(u) = 3*u**2 - 10*u + 3. Let y(n) = -n**2 + 5*n - 1. Let h(j) = 2*b(j) + 5*y(j). Let z be 21*(6/(-51) - 33/153). What is h(z)?
15
Let t(v) = -v**3 + 9*v**2 - v + 13. Let r = 206 + -137. Let j = -60 + r. Calculate t(j).
4
Suppose 0 = -2*x - 3*z + 5*z - 10, -18 = 4*x - 2*z. Let w be ((-8)/((-16)/x))/2. Let y(k) = -2*k**2 - 2*k**2 + k + k**2. Give y(w).
-4
Let o(h) = -h**3 - 4*h**2 + 8*h + 1. Let l(j) = -5*j + 69. Let r be l(15). Determine o(r).
25
Let l(s) = s**2 + s + 1. Let f(u) = u**2 - 13*u - 50. Let w be f(16). Calculate l(w).
3
Let o(l) = l**2 - l. Let i(h) be the second derivative of h**5/20 + h**4/3 + h**3 + h**2 - h. Let s(q) = i(q) + o(q). Suppose -31*y - 26 = 67. What is s(y)?
5
Let t(z) = 48*z**2 + z + 1. Suppose 0 = 10*v - 47*v - 37. Calculate t(v).
48
Let g(v) = 2*v**2 + 5*v + 7. Let q(d) = -2*d**2 - 5*d - 8. Let f(z) = -6*g(z) - 5*q(z). What is f(-3)?
-5
Suppose 8 = 2*q + 3*h - 6, -h = -2*q - 2. Let s(b) = -196*b - q + 394*b - 199*b. Determine s(5).
-6
Let a = -7 - -12. Let b(p) be the second derivative of -p**4/12 - p**3/6 + 3*p. Let y(l) = 6*l**2 - 4*l + 7. Let i(c) = 5*b(c) + y(c). Give i(a).
-13
Let b = 100 + -89. Let z(a) = 2*a**2 + 0 - 12 + b*a - 3*a**2 + 1. Determine z(9).
7
Let u(d) be the first derivative of -d**3 + 3*d**2/2 + d + 14. Calculate u(-2).
-17
Let b(t) = 3 + 7*t**2 + 4*t**2 - 6*t - 10*t**2. Let n be b(6). Let k(d) = -n - d - 3*d + 0 + d**3 - 4*d**2 + 1. Calculate k(5).
3
Let a(p) = -p**3 - 8*p**2 - 2*p - 11. Let l(t) = -3*t**2 - 11*t + 21. Let m(o) = -5*o**2 - 17*o + 32. Let n(d) = -8*l(d) + 5*m(d). Let z be n(3). What is a(z)?
5
Let y(m) = 7*m**2 - m - 1. Suppose w = -q + 5, 5*q - 19 + 4 = 5*w. Give y(w).
5
Let x(j) = 9*j**2 + 7*j - 5. Let y be (7 - (-4 - -6)) + 2. Let w(t) = -4*t**2 - 3*t + 2. Let r(f) = y*w(f) + 3*x(f). Determine r(-2).
-5
Let x(k) = -k**3 + 4*k**2 - 4. Let b be x(3). Let l(z) = 7*z**2 - 3*z - 5. Let g(d) = -11*d**2 + 4*d + 7. Let j(c) = -5*g(c) - 8*l(c). Determine j(b).
0
Let a(w) = 18*w**2 - 1 + 2*w - 21*w**2 + 2*w**2 + 2*w**2. What is a(-4)?
7
Suppose 0 = 5*q + 4*f + 21 + 3, -52 = 4*q - 5*f. Let w(o) = o**3 + 7*o**2 - 7*o - 5. Determine w(q).
-13
Let d(b) be the first derivative of b**4/4 - 2*b**3/3 - 3*b**2/2 + 2*b - 1835. Suppose -2*a + 3 = -3. What is d(a)?
2
Let n(l) = -14*l**3 - 6*l